 39, g = -4*t + 61. Calculate the remainder when 152 is divided by g.
17
Let x be -22 + (3 - 4 - 3). Let a = 28 + x. Suppose -39 = -5*r + 2*p, p - 42 = -5*r + a*p. Calculate the remainder when 17 is divided by r.
8
Let o(j) = -17*j + 23*j + j**2 + 2*j**2 + 9 - 2*j**2. Let h = -5 - -8. What is the remainder when h is divided by o(-2)?
0
Let o(t) be the second derivative of -3/2*t**2 + 0 - 1/12*t**4 - 5/3*t**3 - 3*t. Calculate the remainder when 49 is divided by o(-8).
10
Let s = 328 + -180. Suppose -4*u - n + s = 0, -152 = -4*u - 2*n - 0*n. Calculate the remainder when u is divided by 19.
17
Suppose -63*k - 44 = -65*k. What is the remainder when 54 is divided by k?
10
Suppose -142*g + 54 = -140*g. Let z(a) = a**2 + 5*a + 9. Calculate the remainder when g is divided by z(-6).
12
Suppose -3*k - 64 = -79, -2*i - 4*k = -44. What is the remainder when (0/1 - 19)*-1 is divided by i?
7
Let b = -354 + 448. What is the remainder when 462 is divided by b?
86
Suppose -2*s - 1 = -39. Suppose s = 3*n - 2. What is the remainder when 18 is divided by n?
4
Let g(q) = q**3 - 51*q**2 + 22*q + 133. What is the remainder when g(51) is divided by 34?
31
Suppose 11*l = 14434 - 4765. Calculate the remainder when l is divided by 74.
65
Let n(l) = 24*l + 474. Calculate the remainder when 662 is divided by n(-19).
14
Let n = -1259 + 1449. What is the remainder when n is divided by 58?
16
Suppose -4*j + 5*s + 19 = -0*s, -2*s = -4*j + 22. Let g = 9086 - 9079. Calculate the remainder when g is divided by j.
1
Let w(n) = -2*n + 151. What is the remainder when 398 is divided by w(25)?
95
Let l(z) = -11*z - 10 - 22 + 6. What is the remainder when l(-6) is divided by 14?
12
Let m = -19 + 22. Suppose 2*c = -3*x - c + m, -x + c + 3 = 0. Calculate the remainder when 3/(-4) + 15/4 is divided by x.
1
Suppose 95 = -4*f + 3*s, -f + 2*s = -3*f - 30. Let k = -12 - f. Calculate the remainder when (-3)/(-1)*253/33 is divided by k.
7
Suppose -4 = -l + n - 2*n, 2*n - 4 = 0. Suppose 2*j + 158 = -3*i + 7*i, -4*j = l*i - 64. What is the remainder when i is divided by 22?
16
Suppose 0 = -5*a + 16*a - 275. Calculate the remainder when a is divided by 15.
10
Let l(x) be the third derivative of -x**6/120 - x**5/20 + x**4/8 - x**3/6 - x**2. Let a be (-24)/9 + 8/(-6). Calculate the remainder when l(a) is divided by 2.
1
Let y be 3 + (-10 - (2 - 0)). Let g(v) = -v**3 - 10*v**2 - 8*v + 11. Let q be g(y). Calculate the remainder when (-47 + 2/q)/(-2) is divided by 8.
7
Let j(h) = -2*h. Let l = 5 + -31. What is the remainder when 0 + 1 - (l - -4) is divided by j(-3)?
5
Let d(w) = -w**2 + 12*w + 16. Let f be d(13). Suppose f*m - v = -8 + 26, -m - 4*v = -19. Calculate the remainder when m is divided by 4.
3
Let p = 23 + -21. Suppose p*q = 9 - 5. Suppose 0 = -v - 4*g + 23 + 2, -q*v + 5*g + 24 = 0. What is the remainder when 33 is divided by v?
16
Let o be -1 + (-1 - -180)/1. Let p be o/4*4/2. Suppose 0 = 3*i + 12, -4*y - 4*i + p = y. Calculate the remainder when 40 is divided by y.
19
Suppose 6*r = 125 - 653. Let p be (r/(-10))/((-2)/(-15)). Suppose n = -2*m + 32, 4*n - 74 - p = -5*m. Calculate the remainder when n is divided by 15.
10
Let v = 1776 + -1759. What is the remainder when 627 is divided by v?
15
Suppose 0 = s - 5 + 10. Let t(p) = -p**3 - p**2 + p + 10. Let q be t(0). Let k = s + q. Calculate the remainder when 9 is divided by k.
4
Calculate the remainder when 453 is divided by (52/39)/((-5)/360*-4).
21
Let f = -13 + 27. Let u = -3 + 13. Let c = u - 5. Calculate the remainder when f is divided by c.
4
Let d = 109 + -59. Calculate the remainder when d is divided by 26.
24
Let w(u) = -u**3 - 3*u**2 + 7*u + 1. Suppose 19*i = 4*i + 9*i + 378. What is the remainder when i is divided by w(-5)?
15
Suppose -26 = -l + 3*w - 9, -l - 5*w = -41. Suppose -14 = 2*x - l. Let h(d) = 3*d + 5. Calculate the remainder when h(6) is divided by x.
5
Suppose 5*o - 63 = j + 109, 8 = -4*j. Suppose 0 = -4*g + 98 + o. Suppose 4 = -x + g. What is the remainder when x is divided by 10?
9
Calculate the remainder when ((-64 + -6)/(-10))/(1/9) is divided by 22.
19
Let g be 1182/(-9) - 2/(-6). Let h = -83 - g. Suppose -c + 38 = 3*f, -4*f + 54 = -5*c - 3. What is the remainder when h is divided by f?
9
Let a(u) = u**3 + 15*u**2 - 2*u + 45. What is the remainder when a(-15) is divided by 20?
15
Suppose -y - 10 = -n, n - y + 2 = 4*y. Suppose 3*d = f - 51, d + 145 + 96 = 5*f. Calculate the remainder when f is divided by n.
9
Suppose -4*o + 1 = 9. What is the remainder when (-670)/30*(o - 1) is divided by 14?
11
Let x(n) = -n**3 + 3*n**2 + 2*n - 17. Let f(g) = 2*g**2 + g + 1. Let s(i) = -2*f(i) - x(i). What is the remainder when 232 is divided by s(8)?
44
Suppose 3*s = -0*s + 5*g + 69, 5*s - 2*g - 134 = 0. What is the remainder when 250 is divided by s?
26
Suppose 0 = -2*n - 5*s + 85, 59 = 5*n - 2*s - 81. What is the remainder when 176 is divided by n?
26
Calculate the remainder when 6705/81 + (-4)/(-18) is divided by 28.
27
Suppose -x + 2 + 0 = 0. Suppose 4*l + x*j - 5*j - 154 = 0, 2*l - 2*j - 76 = 0. Let y = 7 - 1. What is the remainder when l is divided by y?
4
Let y be 3/9 + ((-56)/(-3))/4. Suppose -2*f + 15 = f. Suppose -5*v = -2*v + y*x - 47, 4*v - 16 = f*x. Calculate the remainder when 16 is divided by v.
7
Let k = -3 + 12. Let y(f) = 6*f - 59. Calculate the remainder when y(14) is divided by k.
7
Let k(v) = 4*v + 93. Calculate the remainder when 169 is divided by k(-16).
24
Suppose 18*m - 20*m = z - 2570, 20 = -5*z. What is the remainder when m is divided by 30?
27
Let n = -1180 - -1668. What is the remainder when n is divided by 14?
12
Let b = 841 - 399. Calculate the remainder when b is divided by 74.
72
Let j be 120*(3 + -2)/2. Suppose -48 - j = -4*b. Calculate the remainder when 107 is divided by b.
26
Suppose 3*b + 74 - 171 = 2*m, 0 = 3*b + 3*m - 72. Let k(z) = 3*z**2 + z + 1. What is the remainder when b is divided by k(-2)?
7
Let r be -5*(-12 - 2) - 21/(-7). Suppose 63 + r = 8*g. Calculate the remainder when 32 is divided by g.
15
Suppose 0 = 4*l + 4*u - 1428, 46*u - 1404 = -4*l + 50*u. Calculate the remainder when l is divided by 72.
66
Suppose 0 = -33*b + 22*b + 363. What is the remainder when b is divided by 13?
7
Let r = 728 - 647. What is the remainder when 160 is divided by r?
79
Let k = -226 + 294. What is the remainder when k is divided by 25?
18
Let m = -4 - -62. Let d = 69 - m. Calculate the remainder when d is divided by 6.
5
Suppose -4*a - p - 31 = 0, -19 = 5*a - 4*p + 25. What is the remainder when 37 is divided by (-4)/(-16) + -158*1/a?
17
Let g(b) = -16*b + 833. What is the remainder when 454 is divided by g(51)?
12
Suppose -3*x - 4*m = -152, -3*x - 3*m = -0 - 156. Calculate the remainder when 92 is divided by x.
36
Let g(u) = -17*u + 33. What is the remainder when 79 is divided by g(1)?
15
Let t = -1445 + 1663. What is the remainder when t is divided by 82?
54
Suppose 0 = 4*z - 5*w + 2*w - 375, 4*z - 2*w = 370. What is the remainder when 176 is divided by z?
86
Suppose -7*r + 15 + 13 = 0. Let t(g) = 5*g + 19. Let s = 43 + -23. Calculate the remainder when t(r) is divided by s.
19
Calculate the remainder when 83 is divided by -1 + -2 + (10 - 4) + 4.
6
Suppose -h + 2 + 6 = 0. Let x be h/(-2)*6/8. Let q = x - -10. What is the remainder when 12 is divided by q?
5
Suppose -c + 14 = -0*c. Let v be 1/(-3) + (266/3)/(-7). Let b = v + c. What is the remainder when 1 is divided by b?
0
Let a = -45 + 22. Let q = 30 + a. What is the remainder when q is divided by 3?
1
Let u = 53 - 25. Let y be (1 + -3)*(-57)/38. What is the remainder when u is divided by 4*(y/(-6) - -3)?
8
Calculate the remainder when 54 is divided by 4 + (-72)/48*8*-1.
6
Calculate the remainder when 211 is divided by ((-146)/(1 - (-4 + 7)))/1.
65
Calculate the remainder when (1 - 12)/((-7)/35) is divided by 9.
1
Suppose 0 = -3*p + 2*p + 2*x + 4, p = -3*x + 4. Suppose 2*k + 18 = w, 2*w + 5 + p = -5*k. Let f = 5 - -9. Calculate the remainder when f is divided by w.
6
Let m(c) = c**3 - c**2 - 2*c - 4. Let n be m(4). Let p = -12 + n. Suppose 18 = 3*t + v - 0*v, 3*v = -3*t + p. What is the remainder when t is divided by 3?
2
Let w(o) = -39*o + 140. What is the remainder when w(-2) is divided by 44?
42
Let d be (2 - -1) + -1 - -1. What is the rem